{"id":182,"date":"2023-05-21T23:08:22","date_gmt":"2023-05-21T23:08:22","guid":{"rendered":"https:\/\/cetei.com.ar\/?page_id=182"},"modified":"2023-05-24T09:46:42","modified_gmt":"2023-05-24T12:46:42","slug":"objetivos-generales","status":"publish","type":"page","link":"https:\/\/cetei.com.ar\/?page_id=182","title":{"rendered":"Objetivos Generales"},"content":{"rendered":"\n<p class=\"has-text-align-left\"><strong>Objetivos<br><\/strong>promover y suscitar efectos estructurantes en el plano individual, tanto como en el \u00e1mbito familiar y en el contexto socio-institucional:<\/p>\n\n\n\n<p class=\"has-text-align-left\"><br><strong>1) En el plano individual: <\/strong>favoreciendo en el concurrente la consolidaci\u00f3n de procesos de subjetivaci\u00f3n que le permitan acceder a grados progresivos de simbolizaci\u00f3n, autonom\u00eda y desenvolvimiento, mediante las diferentes estrategias de abordaje y tratamiento que articuladas entre s\u00ed y potenciadas a trav\u00e9s de su inserci\u00f3n dentro de un encuadre interdisciplinario) constituyen las m\u00faltiples modalidades de intervenci\u00f3n preventivas, terap\u00e9uticas, vinculares y recreativas que se realizan en CETEI; <br><strong>2) En el plano familiar:<\/strong> generando un proceso participativo por parte del grupo familiar y afectivo del concurrente, ya que representa, por una parte, el \u00e1mbito donde se plasman en forma privilegiada las condiciones de posibilidad de todo proceso de intervenci\u00f3n terap\u00e9utica, a la vez que aparece, por la otra, como la sede donde se instala la problem\u00e1tica de la discapacidad mediante una espec\u00edfica organizaci\u00f3n vincular, cuyas repercusiones dentro de la din\u00e1mica familiar reclaman una lectura especializada y sistem\u00e1tica;<br><strong>3) A nivel social e institucional:<\/strong> por cuanto el desenvolvimiento de una l\u00f3gica de abordaje que no contemple la articulaci\u00f3n con el contexto socio-institucional y con sus condiciones de vinculaci\u00f3n en pr\u00e1cticas y redes institucionales y sociales corre el riesgo de encaminarse a reproducir y afianzar un modelo basado en la exclusi\u00f3n que, por la v\u00eda de la estigmatizaci\u00f3n, el aislamiento y la segregaci\u00f3n, obtura las potencialidades de inserci\u00f3n social de las personas con discapacidad.<br><\/p>\n\n\n\n<p><\/p>\n\n\n\n<p><\/p>\n","protected":false},"excerpt":{"rendered":"<p>Objetivospromover y suscitar efectos estructurantes en el plano individual, tanto como en el \u00e1mbito familiar y en el contexto socio-institucional: 1) En el plano individual: favoreciendo en el concurrente la consolidaci\u00f3n de procesos de subjetivaci\u00f3n que le permitan acceder a grados progresivos de simbolizaci\u00f3n, autonom\u00eda y desenvolvimiento, mediante las diferentes estrategias de abordaje y tratamiento &hellip; <\/p>\n<p class=\"link-more\"><a href=\"https:\/\/cetei.com.ar\/?page_id=182\" class=\"more-link\">Continuar leyendo<span class=\"screen-reader-text\"> \u00abObjetivos Generales\u00bb<\/span><\/a><\/p>\n","protected":false},"author":1,"featured_media":0,"parent":0,"menu_order":0,"comment_status":"closed","ping_status":"closed","template":"","meta":{"footnotes":""},"class_list":["post-182","page","type-page","status-publish","hentry"],"_links":{"self":[{"href":"https:\/\/cetei.com.ar\/index.php?rest_route=\/wp\/v2\/pages\/182","targetHints":{"allow":["GET"]}}],"collection":[{"href":"https:\/\/cetei.com.ar\/index.php?rest_route=\/wp\/v2\/pages"}],"about":[{"href":"https:\/\/cetei.com.ar\/index.php?rest_route=\/wp\/v2\/types\/page"}],"author":[{"embeddable":true,"href":"https:\/\/cetei.com.ar\/index.php?rest_route=\/wp\/v2\/users\/1"}],"replies":[{"embeddable":true,"href":"https:\/\/cetei.com.ar\/index.php?rest_route=%2Fwp%2Fv2%2Fcomments&post=182"}],"version-history":[{"count":7,"href":"https:\/\/cetei.com.ar\/index.php?rest_route=\/wp\/v2\/pages\/182\/revisions"}],"predecessor-version":[{"id":424,"href":"https:\/\/cetei.com.ar\/index.php?rest_route=\/wp\/v2\/pages\/182\/revisions\/424"}],"wp:attachment":[{"href":"https:\/\/cetei.com.ar\/index.php?rest_route=%2Fwp%2Fv2%2Fmedia&parent=182"}],"curies":[{"name":"wp","href":"https:\/\/api.w.org\/{rel}","templated":true}]}}

<p class="has-text-align-left"><strong>Objetivos<br></strong>promover y suscitar efectos estructurantes en el plano individual, tanto como en el ámbito familiar y en el contexto socio-institucional:</p>



<p class="has-text-align-left"><br><strong>1) En el plano individual: </strong>favoreciendo en el concurrente la consolidación de procesos de subjetivación que le permitan acceder a grados progresivos de simbolización, autonomía y desenvolvimiento, mediante las diferentes estrategias de abordaje y tratamiento que articuladas entre sí y potenciadas a través de su inserción dentro de un encuadre interdisciplinario) constituyen las múltiples modalidades de intervención preventivas, terapéuticas, vinculares y recreativas que se realizan en CETEI; <br><strong>2) En el plano familiar:</strong> generando un proceso participativo por parte del grupo familiar y afectivo del concurrente, ya que representa, por una parte, el ámbito donde se plasman en forma privilegiada las condiciones de posibilidad de todo proceso de intervención terapéutica, a la vez que aparece, por la otra, como la sede donde se instala la problemática de la discapacidad mediante una específica organización vincular, cuyas repercusiones dentro de la dinámica familiar reclaman una lectura especializada y sistemática;<br><strong>3) A nivel social e institucional:</strong> por cuanto el desenvolvimiento de una lógica de abordaje que no contemple la articulación con el contexto socio-institucional y con sus condiciones de vinculación en prácticas y redes institucionales y sociales corre el riesgo de encaminarse a reproducir y afianzar un modelo basado en la exclusión que, por la vía de la estigmatización, el aislamiento y la segregación, obtura las potencialidades de inserción social de las personas con discapacidad.<br></p>



<p></p>



<p></p>

<p>Objetivospromover y suscitar efectos estructurantes en el plano individual, tanto como en el ámbito familiar y en el contexto socio-institucional: 1) En el plano individual: favoreciendo en el concurrente la consolidación de procesos de subjetivación que le permitan acceder a grados progresivos de simbolización, autonomía y desenvolvimiento, mediante las diferentes estrategias de abordaje y tratamiento &hellip; </p>
<p class="link-more"><a href="https://cetei.com.ar/?page_id=182" class="more-link">Continuar leyendo<span class="screen-reader-text"> «Objetivos Generales»</span></a></p>
