{"id":187,"date":"2023-05-21T23:08:23","date_gmt":"2023-05-21T23:08:23","guid":{"rendered":"https:\/\/cetei.com.ar\/?page_id=187"},"modified":"2024-01-15T13:19:08","modified_gmt":"2024-01-15T16:19:08","slug":"psicologia","status":"publish","type":"page","link":"https:\/\/cetei.com.ar\/?page_id=187","title":{"rendered":"Psicolog\u00eda"},"content":{"rendered":"\n<p>El \u00e1rea de Psicolog\u00eda buscar\u00e1 deconstruir la idea de la discapacidad intelectual ligada a la de patolog\u00eda. Tener una discapacidad intelectual no supondr\u00e1, en s\u00ed mismo y necesariamente, requerir de un tratamiento de atenci\u00f3n psicol\u00f3gica. El requerimiento de un tratamiento por parte de un concurrente podr\u00e1 ocurrir o no, podr\u00e1 constituir una necesidad trabajar la elaboraci\u00f3n del sentido dado a su discapacidad o no, ser\u00e1 una posibilidad, un espacio de elecci\u00f3n, mas nunca un requisito o condici\u00f3n. <\/p>\n\n\n\n<div class=\"wp-block-columns is-layout-flex wp-container-core-columns-is-layout-9d6595d7 wp-block-columns-is-layout-flex\">\n<div class=\"wp-block-column is-layout-flow wp-block-column-is-layout-flow\"><div class=\"wp-block-image is-style-rounded\">\n<figure class=\"aligncenter size-full is-resized\"><img loading=\"lazy\" decoding=\"async\" src=\"https:\/\/cetei.com.ar\/wp-content\/uploads\/2023\/05\/2e743b14445a2b17116c0b3f6238ece1.jpg\" alt=\"\" class=\"wp-image-98\" width=\"140\" height=\"181\" srcset=\"https:\/\/cetei.com.ar\/wp-content\/uploads\/2023\/05\/2e743b14445a2b17116c0b3f6238ece1.jpg 736w, https:\/\/cetei.com.ar\/wp-content\/uploads\/2023\/05\/2e743b14445a2b17116c0b3f6238ece1-232x300.jpg 232w\" sizes=\"auto, (max-width: 140px) 100vw, 140px\" \/><\/figure><\/div><\/div>\n\n\n\n<div class=\"wp-block-column is-layout-flow wp-block-column-is-layout-flow\">\n<p><\/p>\n\n\n\n<figure class=\"wp-block-image size-large is-resized is-style-rounded\"><img loading=\"lazy\" decoding=\"async\" src=\"https:\/\/cetei.com.ar\/wp-content\/uploads\/2023\/05\/IMG_20210812_115620041-1-1024x768.jpg\" alt=\"\" class=\"wp-image-304\" width=\"180\" height=\"135\" srcset=\"https:\/\/cetei.com.ar\/wp-content\/uploads\/2023\/05\/IMG_20210812_115620041-1-1024x768.jpg 1024w, https:\/\/cetei.com.ar\/wp-content\/uploads\/2023\/05\/IMG_20210812_115620041-1-300x225.jpg 300w, https:\/\/cetei.com.ar\/wp-content\/uploads\/2023\/05\/IMG_20210812_115620041-1-768x576.jpg 768w, https:\/\/cetei.com.ar\/wp-content\/uploads\/2023\/05\/IMG_20210812_115620041-1-1536x1152.jpg 1536w, https:\/\/cetei.com.ar\/wp-content\/uploads\/2023\/05\/IMG_20210812_115620041-1-2048x1536.jpg 2048w, https:\/\/cetei.com.ar\/wp-content\/uploads\/2023\/05\/IMG_20210812_115620041-1-80x60.jpg 80w\" sizes=\"auto, (max-width: 180px) 100vw, 180px\" \/><\/figure>\n<\/div>\n\n\n\n<div class=\"wp-block-column is-vertically-aligned-center is-layout-flow wp-block-column-is-layout-flow\"><div class=\"wp-block-image is-style-rounded\">\n<figure class=\"alignright size-large is-resized\"><img loading=\"lazy\" decoding=\"async\" src=\"https:\/\/cetei.com.ar\/wp-content\/uploads\/2023\/05\/PicsArt_05-28-12.29.43-1024x1024.jpg\" alt=\"\" class=\"wp-image-305\" width=\"182\" height=\"182\" srcset=\"https:\/\/cetei.com.ar\/wp-content\/uploads\/2023\/05\/PicsArt_05-28-12.29.43-1024x1024.jpg 1024w, https:\/\/cetei.com.ar\/wp-content\/uploads\/2023\/05\/PicsArt_05-28-12.29.43-300x300.jpg 300w, https:\/\/cetei.com.ar\/wp-content\/uploads\/2023\/05\/PicsArt_05-28-12.29.43-150x150.jpg 150w, https:\/\/cetei.com.ar\/wp-content\/uploads\/2023\/05\/PicsArt_05-28-12.29.43-768x768.jpg 768w, https:\/\/cetei.com.ar\/wp-content\/uploads\/2023\/05\/PicsArt_05-28-12.29.43-1536x1536.jpg 1536w, https:\/\/cetei.com.ar\/wp-content\/uploads\/2023\/05\/PicsArt_05-28-12.29.43-2048x2048.jpg 2048w, https:\/\/cetei.com.ar\/wp-content\/uploads\/2023\/05\/PicsArt_05-28-12.29.43-60x60.jpg 60w\" sizes=\"auto, (max-width: 182px) 100vw, 182px\" \/><\/figure><\/div>\n\n\n<p><\/p>\n<\/div>\n<\/div>\n\n\n\n<p>La potenciaci\u00f3n de condiciones ps\u00edquicas saludables y estabilizadoras ser\u00e1 trabajada en un marco preventivo y vincular, desde estrategias grupales que promuevan el establecimiento de transferencias entre pares, el fortalecimiento sublimatorio del saber hacer y el enriquecimiento de las potencialidades desde diversos proyectos creativos y propulsores de autodeterminaci\u00f3n y autonom\u00eda.  En este sentido, se propiciar\u00e1 la asunci\u00f3n de un posicionamiento activo del concurrente, tanto en los proyectos y funciones que asuma y elija dentro del Centro de d\u00eda como en su propia vida y en su trama vincular.  Se propiciar\u00e1n espacios de reflexi\u00f3n y replanteamiento de sus decisiones, actitudes y decires, fomentando las opiniones, el debate activo, la resoluci\u00f3n de problemas simples y actitudinales que puedan ser llevados luego a lo propio y cotidiano. <\/p>\n\n\n\n<p>Se propone un espacio terap\u00e9utico grupal de frecuencia semanal y se organizan diversos talleres tem\u00e1ticos seg\u00fan intereses y proyectos grupales y\/o institucionales, como el Taller de Sexualidad, de Derechos y discapacidad, Debates, Talleres que combinan lo terap\u00e9utico con disparadores art\u00edsticos, etc. <\/p>\n\n\n\n<div class=\"wp-block-columns is-layout-flex wp-container-core-columns-is-layout-9d6595d7 wp-block-columns-is-layout-flex\">\n<div class=\"wp-block-column is-layout-flow wp-block-column-is-layout-flow\">\n<p><\/p>\n\n\n\n<figure class=\"wp-block-image size-full is-resized\"><img loading=\"lazy\" decoding=\"async\" src=\"https:\/\/cetei.com.ar\/wp-content\/uploads\/2023\/05\/sex-o-grupo-terap-edited.jpg\" alt=\"\" class=\"wp-image-395\" width=\"270\" height=\"167\"\/><\/figure>\n<\/div>\n\n\n\n<div class=\"wp-block-column is-layout-flow wp-block-column-is-layout-flow\"><div class=\"wp-block-image\">\n<figure class=\"alignright size-large is-resized\"><img loading=\"lazy\" decoding=\"async\" src=\"https:\/\/cetei.com.ar\/wp-content\/uploads\/2023\/05\/Picsart_22-08-12_23-33-05-977-686x1024.png\" alt=\"\" class=\"wp-image-95\" width=\"139\" height=\"207\" srcset=\"https:\/\/cetei.com.ar\/wp-content\/uploads\/2023\/05\/Picsart_22-08-12_23-33-05-977-686x1024.png 686w, https:\/\/cetei.com.ar\/wp-content\/uploads\/2023\/05\/Picsart_22-08-12_23-33-05-977-201x300.png 201w, https:\/\/cetei.com.ar\/wp-content\/uploads\/2023\/05\/Picsart_22-08-12_23-33-05-977-768x1147.png 768w, https:\/\/cetei.com.ar\/wp-content\/uploads\/2023\/05\/Picsart_22-08-12_23-33-05-977-1028x1536.png 1028w, https:\/\/cetei.com.ar\/wp-content\/uploads\/2023\/05\/Picsart_22-08-12_23-33-05-977.png 1078w\" sizes=\"auto, (max-width: 139px) 100vw, 139px\" \/><\/figure><\/div><\/div>\n\n\n\n<div class=\"wp-block-column is-vertically-aligned-center is-layout-flow wp-block-column-is-layout-flow\"><div class=\"wp-block-image\">\n<figure class=\"alignright size-large is-resized\"><img loading=\"lazy\" decoding=\"async\" src=\"https:\/\/cetei.com.ar\/wp-content\/uploads\/2023\/05\/PicsArt_09-06-10.46.34-1024x1024.jpg\" alt=\"\" class=\"wp-image-55\" width=\"194\" height=\"194\" srcset=\"https:\/\/cetei.com.ar\/wp-content\/uploads\/2023\/05\/PicsArt_09-06-10.46.34-1024x1024.jpg 1024w, https:\/\/cetei.com.ar\/wp-content\/uploads\/2023\/05\/PicsArt_09-06-10.46.34-300x300.jpg 300w, https:\/\/cetei.com.ar\/wp-content\/uploads\/2023\/05\/PicsArt_09-06-10.46.34-150x150.jpg 150w, https:\/\/cetei.com.ar\/wp-content\/uploads\/2023\/05\/PicsArt_09-06-10.46.34-768x768.jpg 768w, https:\/\/cetei.com.ar\/wp-content\/uploads\/2023\/05\/PicsArt_09-06-10.46.34-1536x1536.jpg 1536w, https:\/\/cetei.com.ar\/wp-content\/uploads\/2023\/05\/PicsArt_09-06-10.46.34-2048x2048.jpg 2048w\" sizes=\"auto, (max-width: 194px) 100vw, 194px\" \/><\/figure><\/div><\/div>\n<\/div>\n\n\n\n<p><\/p>\n\n\n\n<p>Se favorece el posicionamiento adulto del sujeto, en sus elecciones, valoraciones, asunci\u00f3n de responsabilidades y compromiso con los v\u00ednculos y su palabra. En este sentido, se plantea como crucial un trato de respeto y valoraci\u00f3n de la intimidad en cada sujeto, as\u00ed como el reconocimiento de sus derechos, desde una identidad que le permita hacer valer sus elecciones al mismo tiempo que asumir sus responsabilidades frente a ellas y frente a los otros, participando activamente en la planificaci\u00f3n de su propio proyecto de vida.  Se estimula por otra parte las funciones de atenci\u00f3n y memoria, manteniendo el funcionamiento activo de estas en relaci\u00f3n a categor\u00edas significativas; propiciando lo creativo con propuestas de actividades disruptivas a lo cotidiano.                                                           Se plantea un seguimiento con cada familia que permita generar un lazo de apoyo mutuo y habilite las condiciones requeridas para propiciar el proceso de autonomizaci\u00f3n y autodeterminaci\u00f3n buscado en el concurrente.<\/p>\n\n\n\n<p><\/p>\n\n\n\n<div class=\"wp-block-columns is-layout-flex wp-container-core-columns-is-layout-9d6595d7 wp-block-columns-is-layout-flex\">\n<div class=\"wp-block-column is-layout-flow wp-block-column-is-layout-flow\">\n<figure class=\"wp-block-image size-full is-style-rounded\"><img loading=\"lazy\" decoding=\"async\" width=\"600\" height=\"600\" src=\"https:\/\/cetei.com.ar\/wp-content\/uploads\/2023\/05\/d3163ea22a1df210e9c516b865195910.jpg\" alt=\"\" class=\"wp-image-99\" srcset=\"https:\/\/cetei.com.ar\/wp-content\/uploads\/2023\/05\/d3163ea22a1df210e9c516b865195910.jpg 600w, https:\/\/cetei.com.ar\/wp-content\/uploads\/2023\/05\/d3163ea22a1df210e9c516b865195910-300x300.jpg 300w, https:\/\/cetei.com.ar\/wp-content\/uploads\/2023\/05\/d3163ea22a1df210e9c516b865195910-150x150.jpg 150w\" sizes=\"auto, (max-width: 600px) 100vw, 600px\" \/><\/figure>\n\n\n\n<p>Acompa\u00f1amiento en la construcci\u00f3n de un Proyecto de Vida. <\/p>\n<\/div>\n\n\n\n<div class=\"wp-block-column is-layout-flow wp-block-column-is-layout-flow\"><div class=\"wp-block-image is-style-rounded\">\n<figure class=\"aligncenter size-full\"><img loading=\"lazy\" decoding=\"async\" width=\"600\" height=\"451\" src=\"https:\/\/cetei.com.ar\/wp-content\/uploads\/2023\/05\/11f1e959cf126ddaa4a24052b6cf00e5.jpg\" alt=\"\" class=\"wp-image-101\" srcset=\"https:\/\/cetei.com.ar\/wp-content\/uploads\/2023\/05\/11f1e959cf126ddaa4a24052b6cf00e5.jpg 600w, https:\/\/cetei.com.ar\/wp-content\/uploads\/2023\/05\/11f1e959cf126ddaa4a24052b6cf00e5-300x226.jpg 300w\" sizes=\"auto, (max-width: 600px) 100vw, 600px\" \/><\/figure><\/div>\n\n\n<p>Talleres de Memoria. <\/p>\n\n\n\n<p>Din\u00e1micas l\u00fadicas para favorecer la Atenci\u00f3n.<\/p>\n\n\n\n<p>Talleres creativos<\/p>\n<\/div>\n\n\n\n<div class=\"wp-block-column is-layout-flow wp-block-column-is-layout-flow\">\n<figure class=\"wp-block-image size-full is-style-rounded\"><img loading=\"lazy\" decoding=\"async\" width=\"474\" height=\"474\" src=\"https:\/\/cetei.com.ar\/wp-content\/uploads\/2023\/05\/Familia.jpg\" alt=\"\" class=\"wp-image-78\" srcset=\"https:\/\/cetei.com.ar\/wp-content\/uploads\/2023\/05\/Familia.jpg 474w, https:\/\/cetei.com.ar\/wp-content\/uploads\/2023\/05\/Familia-300x300.jpg 300w, https:\/\/cetei.com.ar\/wp-content\/uploads\/2023\/05\/Familia-150x150.jpg 150w\" sizes=\"auto, (max-width: 474px) 100vw, 474px\" \/><\/figure>\n\n\n\n<p>Trabajo con Familias: Entrevistas- Contenci\u00f3n- Acompa\u00f1amiento- Talleres con familias.<\/p>\n<\/div>\n<\/div>\n","protected":false},"excerpt":{"rendered":"<p>El \u00e1rea de Psicolog\u00eda buscar\u00e1 deconstruir la idea de la discapacidad intelectual ligada a la de patolog\u00eda. Tener una discapacidad intelectual no supondr\u00e1, en s\u00ed mismo y necesariamente, requerir de un tratamiento de atenci\u00f3n psicol\u00f3gica. El requerimiento de un tratamiento por parte de un concurrente podr\u00e1 ocurrir o no, podr\u00e1 constituir una necesidad trabajar la &hellip; <\/p>\n<p class=\"link-more\"><a href=\"https:\/\/cetei.com.ar\/?page_id=187\" class=\"more-link\">Continuar leyendo<span class=\"screen-reader-text\"> \u00abPsicolog\u00eda\u00bb<\/span><\/a><\/p>\n","protected":false},"author":1,"featured_media":0,"parent":0,"menu_order":0,"comment_status":"closed","ping_status":"closed","template":"","meta":{"footnotes":""},"class_list":["post-187","page","type-page","status-publish","hentry"],"_links":{"self":[{"href":"https:\/\/cetei.com.ar\/index.php?rest_route=\/wp\/v2\/pages\/187","targetHints":{"allow":["GET"]}}],"collection":[{"href":"https:\/\/cetei.com.ar\/index.php?rest_route=\/wp\/v2\/pages"}],"about":[{"href":"https:\/\/cetei.com.ar\/index.php?rest_route=\/wp\/v2\/types\/page"}],"author":[{"embeddable":true,"href":"https:\/\/cetei.com.ar\/index.php?rest_route=\/wp\/v2\/users\/1"}],"replies":[{"embeddable":true,"href":"https:\/\/cetei.com.ar\/index.php?rest_route=%2Fwp%2Fv2%2Fcomments&post=187"}],"version-history":[{"count":16,"href":"https:\/\/cetei.com.ar\/index.php?rest_route=\/wp\/v2\/pages\/187\/revisions"}],"predecessor-version":[{"id":505,"href":"https:\/\/cetei.com.ar\/index.php?rest_route=\/wp\/v2\/pages\/187\/revisions\/505"}],"wp:attachment":[{"href":"https:\/\/cetei.com.ar\/index.php?rest_route=%2Fwp%2Fv2%2Fmedia&parent=187"}],"curies":[{"name":"wp","href":"https:\/\/api.w.org\/{rel}","templated":true}]}}