{"id":193,"date":"2023-05-21T23:08:25","date_gmt":"2023-05-21T23:08:25","guid":{"rendered":"https:\/\/cetei.com.ar\/?page_id=193"},"modified":"2024-01-29T11:43:59","modified_gmt":"2024-01-29T14:43:59","slug":"recreacion-y-socializacion","status":"publish","type":"page","link":"https:\/\/cetei.com.ar\/?page_id=193","title":{"rendered":"Recreaci\u00f3n y Socializaci\u00f3n"},"content":{"rendered":"\n<div class=\"wp-block-columns is-layout-flex wp-container-core-columns-is-layout-9d6595d7 wp-block-columns-is-layout-flex\">\n<div class=\"wp-block-column is-layout-flow wp-block-column-is-layout-flow\" style=\"flex-basis:100%\">\n<div class=\"wp-block-columns is-layout-flex wp-container-core-columns-is-layout-9d6595d7 wp-block-columns-is-layout-flex\">\n<div class=\"wp-block-column is-layout-flow wp-block-column-is-layout-flow\" style=\"flex-basis:100%\">\n<div class=\"wp-block-columns is-layout-flex wp-container-core-columns-is-layout-9d6595d7 wp-block-columns-is-layout-flex\">\n<div class=\"wp-block-column is-layout-flow wp-block-column-is-layout-flow\">\n<figure class=\"wp-block-image size-full is-resized\"><img loading=\"lazy\" decoding=\"async\" src=\"https:\/\/cetei.com.ar\/wp-content\/uploads\/2023\/05\/salida-bar.jpg\" alt=\"\" class=\"wp-image-61\" width=\"202\" height=\"202\" srcset=\"https:\/\/cetei.com.ar\/wp-content\/uploads\/2023\/05\/salida-bar.jpg 315w, https:\/\/cetei.com.ar\/wp-content\/uploads\/2023\/05\/salida-bar-300x300.jpg 300w, https:\/\/cetei.com.ar\/wp-content\/uploads\/2023\/05\/salida-bar-150x150.jpg 150w\" sizes=\"auto, (max-width: 202px) 100vw, 202px\" \/><\/figure>\n<\/div>\n\n\n\n<div class=\"wp-block-column is-layout-flow wp-block-column-is-layout-flow\">\n<figure class=\"wp-block-image size-large is-resized\"><img loading=\"lazy\" decoding=\"async\" src=\"https:\/\/cetei.com.ar\/wp-content\/uploads\/2024\/01\/pileta-941x1024.jpg\" alt=\"\" class=\"wp-image-521\" width=\"191\" height=\"206\"\/><\/figure>\n<\/div>\n\n\n\n<div class=\"wp-block-column is-layout-flow wp-block-column-is-layout-flow\">\n<figure class=\"wp-block-image size-large is-resized\"><img loading=\"lazy\" decoding=\"async\" src=\"https:\/\/cetei.com.ar\/wp-content\/uploads\/2023\/05\/IMG-20220624-WA0012-1024x768.jpg\" alt=\"\" class=\"wp-image-37\" width=\"276\" height=\"206\" srcset=\"https:\/\/cetei.com.ar\/wp-content\/uploads\/2023\/05\/IMG-20220624-WA0012-1024x768.jpg 1024w, https:\/\/cetei.com.ar\/wp-content\/uploads\/2023\/05\/IMG-20220624-WA0012-300x225.jpg 300w, https:\/\/cetei.com.ar\/wp-content\/uploads\/2023\/05\/IMG-20220624-WA0012-768x576.jpg 768w, https:\/\/cetei.com.ar\/wp-content\/uploads\/2023\/05\/IMG-20220624-WA0012.jpg 1280w\" sizes=\"auto, (max-width: 276px) 100vw, 276px\" \/><\/figure>\n\n\n\n<p><\/p>\n<\/div>\n<\/div>\n<\/div>\n<\/div>\n\n\n\n<p>Este es un area cotidiana en los <a rel=\"noreferrer noopener\" href=\"https:\/\/www.facebook.com\/media\/set\/?set=a.1759455501022428&amp;type=3\" data-type=\"URL\" data-id=\"https:\/\/www.facebook.com\/media\/set\/?set=a.1759455501022428&amp;type=3\" target=\"_blank\">espacios<\/a> de CeTei. Las propuestas de festejar cumplea\u00f1os, fechas especiales, eventos tem\u00e1ticos, nunca faltan en la agenda institucional, as\u00ed como tampoco la  organizaci\u00f3n de salidas y un uso de la comunidad y el barrio activo en lo cotidiano del funcionamiento del Centro de D\u00eda.  Para poder estar al tanto de todos nuestros proyectos de socializaci\u00f3n y recreaci\u00f3n, te recomendamos seguir nuestra p\u00e1gina institucional de <a href=\"https:\/\/www.facebook.com\/cetei\/\" data-type=\"URL\" data-id=\"https:\/\/www.facebook.com\/cetei\/\" target=\"_blank\" rel=\"noreferrer noopener\">Facebook<\/a>.<\/p>\n<\/div>\n<\/div>\n\n\n\n<div class=\"wp-block-columns is-layout-flex wp-container-core-columns-is-layout-9d6595d7 wp-block-columns-is-layout-flex\">\n<div class=\"wp-block-column is-layout-flow wp-block-column-is-layout-flow\">\n<figure class=\"wp-block-image size-large is-resized\"><img loading=\"lazy\" decoding=\"async\" src=\"https:\/\/cetei.com.ar\/wp-content\/uploads\/2023\/05\/10988307_1406438102990838_8935219648741637597_o-1024x683.jpg\" alt=\"\" class=\"wp-image-454\" width=\"227\" height=\"151\" srcset=\"https:\/\/cetei.com.ar\/wp-content\/uploads\/2023\/05\/10988307_1406438102990838_8935219648741637597_o-1024x683.jpg 1024w, https:\/\/cetei.com.ar\/wp-content\/uploads\/2023\/05\/10988307_1406438102990838_8935219648741637597_o-300x200.jpg 300w, https:\/\/cetei.com.ar\/wp-content\/uploads\/2023\/05\/10988307_1406438102990838_8935219648741637597_o-768x512.jpg 768w, https:\/\/cetei.com.ar\/wp-content\/uploads\/2023\/05\/10988307_1406438102990838_8935219648741637597_o-1536x1025.jpg 1536w, https:\/\/cetei.com.ar\/wp-content\/uploads\/2023\/05\/10988307_1406438102990838_8935219648741637597_o.jpg 2048w\" sizes=\"auto, (max-width: 227px) 100vw, 227px\" \/><\/figure>\n<\/div>\n\n\n\n<div class=\"wp-block-column is-layout-flow wp-block-column-is-layout-flow\">\n<figure class=\"wp-block-image size-large\"><img loading=\"lazy\" decoding=\"async\" width=\"1024\" height=\"771\" src=\"https:\/\/cetei.com.ar\/wp-content\/uploads\/2023\/05\/IMG-20230217-WA0130-1-1024x771.jpg\" alt=\"\" class=\"wp-image-42\" srcset=\"https:\/\/cetei.com.ar\/wp-content\/uploads\/2023\/05\/IMG-20230217-WA0130-1-1024x771.jpg 1024w, https:\/\/cetei.com.ar\/wp-content\/uploads\/2023\/05\/IMG-20230217-WA0130-1-300x226.jpg 300w, https:\/\/cetei.com.ar\/wp-content\/uploads\/2023\/05\/IMG-20230217-WA0130-1-768x578.jpg 768w, https:\/\/cetei.com.ar\/wp-content\/uploads\/2023\/05\/IMG-20230217-WA0130-1-1536x1156.jpg 1536w, https:\/\/cetei.com.ar\/wp-content\/uploads\/2023\/05\/IMG-20230217-WA0130-1.jpg 1600w\" sizes=\"auto, (max-width: 767px) 89vw, (max-width: 1000px) 54vw, (max-width: 1071px) 543px, 580px\" \/><\/figure>\n<\/div>\n\n\n\n<div class=\"wp-block-column is-layout-flow wp-block-column-is-layout-flow\">\n<figure class=\"wp-block-image size-large\"><img loading=\"lazy\" decoding=\"async\" width=\"1024\" height=\"768\" src=\"https:\/\/cetei.com.ar\/wp-content\/uploads\/2023\/05\/IMG-20220624-WA0069-1024x768.jpg\" alt=\"\" class=\"wp-image-39\" srcset=\"https:\/\/cetei.com.ar\/wp-content\/uploads\/2023\/05\/IMG-20220624-WA0069-1024x768.jpg 1024w, https:\/\/cetei.com.ar\/wp-content\/uploads\/2023\/05\/IMG-20220624-WA0069-300x225.jpg 300w, https:\/\/cetei.com.ar\/wp-content\/uploads\/2023\/05\/IMG-20220624-WA0069-768x576.jpg 768w, https:\/\/cetei.com.ar\/wp-content\/uploads\/2023\/05\/IMG-20220624-WA0069-1536x1152.jpg 1536w, https:\/\/cetei.com.ar\/wp-content\/uploads\/2023\/05\/IMG-20220624-WA0069.jpg 1600w\" sizes=\"auto, (max-width: 767px) 89vw, (max-width: 1000px) 54vw, (max-width: 1071px) 543px, 580px\" \/><\/figure>\n<\/div>\n<\/div>\n","protected":false},"excerpt":{"rendered":"<p>Este es un area cotidiana en los espacios de CeTei. Las propuestas de festejar cumplea\u00f1os, fechas especiales, eventos tem\u00e1ticos, nunca faltan en la agenda institucional, as\u00ed como tampoco la organizaci\u00f3n de salidas y un uso de la comunidad y el barrio activo en lo cotidiano del funcionamiento del Centro de D\u00eda. Para poder estar al &hellip; <\/p>\n<p class=\"link-more\"><a href=\"https:\/\/cetei.com.ar\/?page_id=193\" class=\"more-link\">Continuar leyendo<span class=\"screen-reader-text\"> \u00abRecreaci\u00f3n y Socializaci\u00f3n\u00bb<\/span><\/a><\/p>\n","protected":false},"author":1,"featured_media":0,"parent":0,"menu_order":0,"comment_status":"closed","ping_status":"closed","template":"","meta":{"footnotes":""},"class_list":["post-193","page","type-page","status-publish","hentry"],"_links":{"self":[{"href":"https:\/\/cetei.com.ar\/index.php?rest_route=\/wp\/v2\/pages\/193","targetHints":{"allow":["GET"]}}],"collection":[{"href":"https:\/\/cetei.com.ar\/index.php?rest_route=\/wp\/v2\/pages"}],"about":[{"href":"https:\/\/cetei.com.ar\/index.php?rest_route=\/wp\/v2\/types\/page"}],"author":[{"embeddable":true,"href":"https:\/\/cetei.com.ar\/index.php?rest_route=\/wp\/v2\/users\/1"}],"replies":[{"embeddable":true,"href":"https:\/\/cetei.com.ar\/index.php?rest_route=%2Fwp%2Fv2%2Fcomments&post=193"}],"version-history":[{"count":5,"href":"https:\/\/cetei.com.ar\/index.php?rest_route=\/wp\/v2\/pages\/193\/revisions"}],"predecessor-version":[{"id":523,"href":"https:\/\/cetei.com.ar\/index.php?rest_route=\/wp\/v2\/pages\/193\/revisions\/523"}],"wp:attachment":[{"href":"https:\/\/cetei.com.ar\/index.php?rest_route=%2Fwp%2Fv2%2Fmedia&parent=193"}],"curies":[{"name":"wp","href":"https:\/\/api.w.org\/{rel}","templated":true}]}}