{"id":276,"date":"2023-05-21T23:34:01","date_gmt":"2023-05-21T23:34:01","guid":{"rendered":"https:\/\/cetei.com.ar\/?page_id=276"},"modified":"2024-01-15T12:28:25","modified_gmt":"2024-01-15T15:28:25","slug":"educacion-fisica","status":"publish","type":"page","link":"https:\/\/cetei.com.ar\/?page_id=276","title":{"rendered":"Educaci\u00f3n F\u00edsica"},"content":{"rendered":"\n<p>Planteada desde lo l\u00fadico y grupal, se propone la actividad f\u00edsica como promotora de salud y bienestar psicof\u00edsico. <\/p>\n\n\n\n<p>En sus diversos formatos est\u00e1 actividad propone tanto el uso del espacio en la sede institucional, c\u00f3mo clubes y parques del barrio.<\/p>\n\n\n\n<div class=\"wp-block-columns is-layout-flex wp-container-core-columns-is-layout-9d6595d7 wp-block-columns-is-layout-flex\">\n<div class=\"wp-block-column is-layout-flow wp-block-column-is-layout-flow\">\n<figure class=\"wp-block-image size-large\"><img loading=\"lazy\" decoding=\"async\" width=\"1024\" height=\"768\" src=\"https:\/\/cetei.com.ar\/wp-content\/uploads\/2023\/05\/IMG-20210630-WA0017-1024x768.jpg\" alt=\"\" class=\"wp-image-27\" srcset=\"https:\/\/cetei.com.ar\/wp-content\/uploads\/2023\/05\/IMG-20210630-WA0017-1024x768.jpg 1024w, https:\/\/cetei.com.ar\/wp-content\/uploads\/2023\/05\/IMG-20210630-WA0017-300x225.jpg 300w, https:\/\/cetei.com.ar\/wp-content\/uploads\/2023\/05\/IMG-20210630-WA0017-768x576.jpg 768w, https:\/\/cetei.com.ar\/wp-content\/uploads\/2023\/05\/IMG-20210630-WA0017.jpg 1280w\" sizes=\"auto, (max-width: 767px) 89vw, (max-width: 1000px) 54vw, (max-width: 1071px) 543px, 580px\" \/><\/figure>\n<\/div>\n\n\n\n<div class=\"wp-block-column is-layout-flow wp-block-column-is-layout-flow\">\n<figure class=\"wp-block-image size-large\"><img loading=\"lazy\" decoding=\"async\" width=\"1024\" height=\"768\" src=\"https:\/\/cetei.com.ar\/wp-content\/uploads\/2023\/05\/IMG-20230523-WA0023-1024x768.jpg\" alt=\"\" class=\"wp-image-405\" srcset=\"https:\/\/cetei.com.ar\/wp-content\/uploads\/2023\/05\/IMG-20230523-WA0023-1024x768.jpg 1024w, https:\/\/cetei.com.ar\/wp-content\/uploads\/2023\/05\/IMG-20230523-WA0023-300x225.jpg 300w, https:\/\/cetei.com.ar\/wp-content\/uploads\/2023\/05\/IMG-20230523-WA0023-768x576.jpg 768w, https:\/\/cetei.com.ar\/wp-content\/uploads\/2023\/05\/IMG-20230523-WA0023-1536x1152.jpg 1536w, https:\/\/cetei.com.ar\/wp-content\/uploads\/2023\/05\/IMG-20230523-WA0023.jpg 1600w\" sizes=\"auto, (max-width: 767px) 89vw, (max-width: 1000px) 54vw, (max-width: 1071px) 543px, 580px\" \/><\/figure>\n<\/div>\n\n\n\n<div class=\"wp-block-column is-layout-flow wp-block-column-is-layout-flow\">\n<figure class=\"wp-block-image size-full\"><img loading=\"lazy\" decoding=\"async\" width=\"768\" height=\"768\" src=\"https:\/\/cetei.com.ar\/wp-content\/uploads\/2023\/05\/IMG-20220405-WA0046-1-edited.jpg\" alt=\"\" class=\"wp-image-476\" srcset=\"https:\/\/cetei.com.ar\/wp-content\/uploads\/2023\/05\/IMG-20220405-WA0046-1-edited.jpg 768w, https:\/\/cetei.com.ar\/wp-content\/uploads\/2023\/05\/IMG-20220405-WA0046-1-edited-300x300.jpg 300w, https:\/\/cetei.com.ar\/wp-content\/uploads\/2023\/05\/IMG-20220405-WA0046-1-edited-150x150.jpg 150w, https:\/\/cetei.com.ar\/wp-content\/uploads\/2023\/05\/IMG-20220405-WA0046-1-edited-100x100.jpg 100w\" sizes=\"auto, (max-width: 767px) 89vw, (max-width: 1000px) 54vw, (max-width: 1071px) 543px, 580px\" \/><\/figure>\n<\/div>\n<\/div>\n\n\n\n<p>La frecuencia de esta propuesta es de dos veces por semana. <\/p>\n\n\n\n<p>Estimulada y retroalimentada desde lo sociocomunitario, participan de estos espacios pasantes alumnos del \u00faltimo a\u00f1o del profesorado de Educ F\u00edsica, as\u00ed como tambi\u00e9n se organizan jornadas deportivas, torneos y competencias con otros grupos e instituciones.<\/p>\n\n\n\n<p><\/p>\n\n\n\n<div class=\"wp-block-columns is-layout-flex wp-container-core-columns-is-layout-9d6595d7 wp-block-columns-is-layout-flex\">\n<div class=\"wp-block-column is-layout-flow wp-block-column-is-layout-flow\">\n<figure class=\"wp-block-image size-full is-resized\"><img loading=\"lazy\" decoding=\"async\" src=\"https:\/\/cetei.com.ar\/wp-content\/uploads\/2023\/05\/343982366_1268874543720185_79639242921658464_n-1.jpg\" alt=\"\" class=\"wp-image-479\" width=\"326\" height=\"244\" srcset=\"https:\/\/cetei.com.ar\/wp-content\/uploads\/2023\/05\/343982366_1268874543720185_79639242921658464_n-1.jpg 960w, https:\/\/cetei.com.ar\/wp-content\/uploads\/2023\/05\/343982366_1268874543720185_79639242921658464_n-1-300x225.jpg 300w, https:\/\/cetei.com.ar\/wp-content\/uploads\/2023\/05\/343982366_1268874543720185_79639242921658464_n-1-768x576.jpg 768w\" sizes=\"auto, (max-width: 326px) 100vw, 326px\" \/><\/figure>\n<\/div>\n\n\n\n<div class=\"wp-block-column is-layout-flow wp-block-column-is-layout-flow\">\n<figure class=\"wp-block-image size-large is-resized\"><img loading=\"lazy\" decoding=\"async\" src=\"https:\/\/cetei.com.ar\/wp-content\/uploads\/2024\/01\/287063295_2867608060207161_5045271361754424967_n-edited.jpg\" alt=\"\" class=\"wp-image-495\" width=\"426\" height=\"240\"\/><\/figure>\n<\/div>\n<\/div>\n\n\n\n<div class=\"wp-block-columns is-layout-flex wp-container-core-columns-is-layout-9d6595d7 wp-block-columns-is-layout-flex\">\n<div class=\"wp-block-column is-layout-flow wp-block-column-is-layout-flow\" style=\"flex-basis:100%\">\n<div class=\"wp-block-group\"><div class=\"wp-block-group__inner-container is-layout-constrained wp-block-group-is-layout-constrained\">\n<div class=\"wp-block-columns is-layout-flex wp-container-core-columns-is-layout-9d6595d7 wp-block-columns-is-layout-flex\">\n<div class=\"wp-block-column is-layout-flow wp-block-column-is-layout-flow\" style=\"flex-basis:100%\">\n<div class=\"wp-block-columns is-layout-flex wp-container-core-columns-is-layout-9d6595d7 wp-block-columns-is-layout-flex\">\n<div class=\"wp-block-column is-layout-flow wp-block-column-is-layout-flow\">\n<figure class=\"wp-block-image size-full is-resized\"><img loading=\"lazy\" decoding=\"async\" src=\"https:\/\/cetei.com.ar\/wp-content\/uploads\/2023\/05\/20220920_094620-ANIMATION.gif\" alt=\"\" class=\"wp-image-480\" width=\"330\" height=\"330\"\/><\/figure>\n<\/div>\n<\/div>\n<\/div>\n<\/div>\n<\/div><\/div>\n<\/div>\n<\/div>\n","protected":false},"excerpt":{"rendered":"<p>Planteada desde lo l\u00fadico y grupal, se propone la actividad f\u00edsica como promotora de salud y bienestar psicof\u00edsico. En sus diversos formatos est\u00e1 actividad propone tanto el uso del espacio en la sede institucional, c\u00f3mo clubes y parques del barrio. La frecuencia de esta propuesta es de dos veces por semana. Estimulada y retroalimentada desde &hellip; <\/p>\n<p class=\"link-more\"><a href=\"https:\/\/cetei.com.ar\/?page_id=276\" class=\"more-link\">Continuar leyendo<span class=\"screen-reader-text\"> \u00abEducaci\u00f3n F\u00edsica\u00bb<\/span><\/a><\/p>\n","protected":false},"author":1,"featured_media":0,"parent":0,"menu_order":0,"comment_status":"closed","ping_status":"closed","template":"","meta":{"footnotes":""},"class_list":["post-276","page","type-page","status-publish","hentry"],"_links":{"self":[{"href":"https:\/\/cetei.com.ar\/index.php?rest_route=\/wp\/v2\/pages\/276","targetHints":{"allow":["GET"]}}],"collection":[{"href":"https:\/\/cetei.com.ar\/index.php?rest_route=\/wp\/v2\/pages"}],"about":[{"href":"https:\/\/cetei.com.ar\/index.php?rest_route=\/wp\/v2\/types\/page"}],"author":[{"embeddable":true,"href":"https:\/\/cetei.com.ar\/index.php?rest_route=\/wp\/v2\/users\/1"}],"replies":[{"embeddable":true,"href":"https:\/\/cetei.com.ar\/index.php?rest_route=%2Fwp%2Fv2%2Fcomments&post=276"}],"version-history":[{"count":10,"href":"https:\/\/cetei.com.ar\/index.php?rest_route=\/wp\/v2\/pages\/276\/revisions"}],"predecessor-version":[{"id":497,"href":"https:\/\/cetei.com.ar\/index.php?rest_route=\/wp\/v2\/pages\/276\/revisions\/497"}],"wp:attachment":[{"href":"https:\/\/cetei.com.ar\/index.php?rest_route=%2Fwp%2Fv2%2Fmedia&parent=276"}],"curies":[{"name":"wp","href":"https:\/\/api.w.org\/{rel}","templated":true}]}}

Educación Física

<p>Planteada desde lo lúdico y grupal, se propone la actividad física como promotora de salud y bienestar psicofísico. </p>



<p>En sus diversos formatos está actividad propone tanto el uso del espacio en la sede institucional, cómo clubes y parques del barrio.</p>



<div class="wp-block-columns is-layout-flex wp-container-core-columns-is-layout-9d6595d7 wp-block-columns-is-layout-flex">
<div class="wp-block-column is-layout-flow wp-block-column-is-layout-flow">
<figure class="wp-block-image size-large"><img loading="lazy" decoding="async" width="1024" height="768" src="https://cetei.com.ar/wp-content/uploads/2023/05/IMG-20210630-WA0017-1024x768.jpg" alt="" class="wp-image-27" srcset="https://cetei.com.ar/wp-content/uploads/2023/05/IMG-20210630-WA0017-1024x768.jpg 1024w, https://cetei.com.ar/wp-content/uploads/2023/05/IMG-20210630-WA0017-300x225.jpg 300w, https://cetei.com.ar/wp-content/uploads/2023/05/IMG-20210630-WA0017-768x576.jpg 768w, https://cetei.com.ar/wp-content/uploads/2023/05/IMG-20210630-WA0017.jpg 1280w" sizes="auto, (max-width: 767px) 89vw, (max-width: 1000px) 54vw, (max-width: 1071px) 543px, 580px" /></figure>
</div>



<div class="wp-block-column is-layout-flow wp-block-column-is-layout-flow">
<figure class="wp-block-image size-large"><img loading="lazy" decoding="async" width="1024" height="768" src="https://cetei.com.ar/wp-content/uploads/2023/05/IMG-20230523-WA0023-1024x768.jpg" alt="" class="wp-image-405" srcset="https://cetei.com.ar/wp-content/uploads/2023/05/IMG-20230523-WA0023-1024x768.jpg 1024w, https://cetei.com.ar/wp-content/uploads/2023/05/IMG-20230523-WA0023-300x225.jpg 300w, https://cetei.com.ar/wp-content/uploads/2023/05/IMG-20230523-WA0023-768x576.jpg 768w, https://cetei.com.ar/wp-content/uploads/2023/05/IMG-20230523-WA0023-1536x1152.jpg 1536w, https://cetei.com.ar/wp-content/uploads/2023/05/IMG-20230523-WA0023.jpg 1600w" sizes="auto, (max-width: 767px) 89vw, (max-width: 1000px) 54vw, (max-width: 1071px) 543px, 580px" /></figure>
</div>



<div class="wp-block-column is-layout-flow wp-block-column-is-layout-flow">
<figure class="wp-block-image size-full"><img loading="lazy" decoding="async" width="768" height="768" src="https://cetei.com.ar/wp-content/uploads/2023/05/IMG-20220405-WA0046-1-edited.jpg" alt="" class="wp-image-476" srcset="https://cetei.com.ar/wp-content/uploads/2023/05/IMG-20220405-WA0046-1-edited.jpg 768w, https://cetei.com.ar/wp-content/uploads/2023/05/IMG-20220405-WA0046-1-edited-300x300.jpg 300w, https://cetei.com.ar/wp-content/uploads/2023/05/IMG-20220405-WA0046-1-edited-150x150.jpg 150w, https://cetei.com.ar/wp-content/uploads/2023/05/IMG-20220405-WA0046-1-edited-100x100.jpg 100w" sizes="auto, (max-width: 767px) 89vw, (max-width: 1000px) 54vw, (max-width: 1071px) 543px, 580px" /></figure>
</div>
</div>



<p>La frecuencia de esta propuesta es de dos veces por semana. </p>



<p>Estimulada y retroalimentada desde lo sociocomunitario, participan de estos espacios pasantes alumnos del último año del profesorado de Educ Física, así como también se organizan jornadas deportivas, torneos y competencias con otros grupos e instituciones.</p>



<p></p>



<div class="wp-block-columns is-layout-flex wp-container-core-columns-is-layout-9d6595d7 wp-block-columns-is-layout-flex">
<div class="wp-block-column is-layout-flow wp-block-column-is-layout-flow">
<figure class="wp-block-image size-full is-resized"><img loading="lazy" decoding="async" src="https://cetei.com.ar/wp-content/uploads/2023/05/343982366_1268874543720185_79639242921658464_n-1.jpg" alt="" class="wp-image-479" width="326" height="244" srcset="https://cetei.com.ar/wp-content/uploads/2023/05/343982366_1268874543720185_79639242921658464_n-1.jpg 960w, https://cetei.com.ar/wp-content/uploads/2023/05/343982366_1268874543720185_79639242921658464_n-1-300x225.jpg 300w, https://cetei.com.ar/wp-content/uploads/2023/05/343982366_1268874543720185_79639242921658464_n-1-768x576.jpg 768w" sizes="auto, (max-width: 326px) 100vw, 326px" /></figure>
</div>



<div class="wp-block-column is-layout-flow wp-block-column-is-layout-flow">
<figure class="wp-block-image size-large is-resized"><img loading="lazy" decoding="async" src="https://cetei.com.ar/wp-content/uploads/2024/01/287063295_2867608060207161_5045271361754424967_n-edited.jpg" alt="" class="wp-image-495" width="426" height="240"/></figure>
</div>
</div>



<div class="wp-block-columns is-layout-flex wp-container-core-columns-is-layout-9d6595d7 wp-block-columns-is-layout-flex">
<div class="wp-block-column is-layout-flow wp-block-column-is-layout-flow" style="flex-basis:100%">
<div class="wp-block-group"><div class="wp-block-group__inner-container is-layout-constrained wp-block-group-is-layout-constrained">
<div class="wp-block-columns is-layout-flex wp-container-core-columns-is-layout-9d6595d7 wp-block-columns-is-layout-flex">
<div class="wp-block-column is-layout-flow wp-block-column-is-layout-flow" style="flex-basis:100%">
<div class="wp-block-columns is-layout-flex wp-container-core-columns-is-layout-9d6595d7 wp-block-columns-is-layout-flex">
<div class="wp-block-column is-layout-flow wp-block-column-is-layout-flow">
<figure class="wp-block-image size-full is-resized"><img loading="lazy" decoding="async" src="https://cetei.com.ar/wp-content/uploads/2023/05/20220920_094620-ANIMATION.gif" alt="" class="wp-image-480" width="330" height="330"/></figure>
</div>
</div>
</div>
</div>
</div></div>
</div>
</div>

<p>Planteada desde lo lúdico y grupal, se propone la actividad física como promotora de salud y bienestar psicofísico. En sus diversos formatos está actividad propone tanto el uso del espacio en la sede institucional, cómo clubes y parques del barrio. La frecuencia de esta propuesta es de dos veces por semana. Estimulada y retroalimentada desde &hellip; </p>
<p class="link-more"><a href="https://cetei.com.ar/?page_id=276" class="more-link">Continuar leyendo<span class="screen-reader-text"> «Educación Física»</span></a></p>
